8*a - 327. Is z(-31) a composite number?
True
Let g = 6669 + 11372. Is g composite?
False
Let o(c) = 17*c**2 + c - 7. Let a be o(-3). Suppose 3*h = 3*d + 2221 + a, -4*d + 2343 = 3*h. Is h a composite number?
True
Let k(f) = -5*f + 28. Let w be k(9). Let y be ((-34)/(-3))/((-1)/(-6)). Let h = y + w. Is h a composite number?
True
Let c(x) = -2*x**3 + 4*x**2 + x + 2. Let f be c(-3). Suppose 2*y + 1680 = -6*y. Let g = f - y. Is g composite?
True
Suppose 66542 = 3*k + 2*k - z, 4*k - 3*z - 53227 = 0. Is k a composite number?
False
Let h be (-6)/4 + (-1131)/(-6). Let x = -90 + h. Is x a prime number?
True
Let n(x) = 3*x - 4. Let y be n(2). Suppose -y*g - g + 4*z + 181 = 0, -5*g + 296 = -z. Is g a prime number?
True
Suppose -o + u = 6904, -5*u = -2*o - 4*u - 13812. Is o/(-5) + 2/30*-9 composite?
False
Let b(s) be the second derivative of -31*s**5/10 - 5*s**4/12 + 2*s**3/3 + 2*s**2 + s + 7. Is b(-5) a prime number?
False
Suppose -28*a - 119865 = -1021717. Is a composite?
True
Let g(a) = a**2 - 7*a - 10. Let o be g(8). Let s be (5/o)/5*0. Suppose 254 + 160 = b - w, s = 3*b - 4*w - 1243. Is b a composite number?
True
Let n(m) = 319*m**3 - m**2 + 2. Let o be n(2). Let g = 1315 + o. Is g a composite number?
True
Let m(g) = -3532*g + 63. Is m(-5) a composite number?
True
Let c = 4566 + -2617. Is c composite?
False
Let f = -12 - -15. Suppose -x - 3*o = 11, 0*x - f*o - 19 = -x. Suppose -4*l - y = -5*y - 60, -4*y + 52 = x*l. Is l a composite number?
True
Suppose -13488 = -w + 5272. Suppose 5*g - 90165 = -w. Is g prime?
True
Suppose -4*k - 3 = -7. Is (5/1 - -260)*(k + 0) composite?
True
Suppose -s - x - 47 = -1270, -s = 3*x - 1233. Is 2 + (s - (-3)/(-3)) a prime number?
False
Let k(t) = -45*t - t**3 + 29*t + 0*t**3 - 1 - 11*t**2 + 3*t**3. Is k(9) composite?
True
Let m(a) = 115*a**2 - 6*a - 4. Let h(v) = v**3 + 9*v**2 - 10*v - 3. Let s be h(-10). Is m(s) composite?
False
Let g = 2714 - -1253. Is g composite?
False
Let k = -53 + 81. Suppose 23*p = k*p - 935. Is p a composite number?
True
Suppose 4*o + p = 20045, -2*o + 20033 = 2*o + 5*p. Suppose -11*n + o = -7*n. Is n prime?
False
Suppose 3*a = -3*a - 4458. Let x be (1*(a - 0))/(-1). Let b = x - 424. Is b a composite number?
True
Let h(b) = 6*b**2 + 5*b + 6. Let t be h(6). Let f = -359 + t. Let a = -70 - f. Is a prime?
True
Let m = -50678 - -89497. Is m composite?
True
Suppose 3 = -w + 16. Let a = w + -2. Is a a composite number?
False
Suppose -43*g + 657778 = 34235. Is g composite?
True
Let l be 2670/165 - (-2)/(-11). Suppose -l = -2*z - 4*n, 4*z - 3 = -3*n + 9. Suppose -o + z*o + 1262 = 5*h, -2*h = 2*o - 500. Is h a composite number?
True
Suppose -4*d - 4*d = -47848. Is d composite?
False
Suppose 2*f = -5*o + 11, -3*o = o - f - 1. Is -3 + (3 - -820) + o a prime number?
True
Let s(y) = 72*y - 5. Suppose 5*h + 0 - 25 = 0. Suppose -k - 12 = -h*k. Is s(k) composite?
False
Let m(d) = d**3 - 19*d**2 - 22*d - 25. Is m(22) prime?
False
Let r(b) = -18*b**3 + 4*b**2 + 4*b + 3. Let m = 18 + -18. Suppose m = -0*l - 5*l - 2*j, -2*j + 10 = 0. Is r(l) prime?
False
Let b(d) = -258*d - 1. Suppose -4*s = 5*c - 27, 5*s + 6*c = c + 30. Let t = s + -4. Is b(t) prime?
True
Let t(o) = -345*o - 29. Let h be t(-8). Suppose 903 = y - 2*x - 3*x, 3*y = 4*x + h. Is y a composite number?
True
Let p(v) = 90*v + 1. Suppose -4*n + 5*j = 4*j - 10, -6 = 3*j. Suppose -3*h + 20 = n*x, -2*h - 27 = -5*x + 2*h. Is p(x) composite?
False
Let f = -1756 - -4655. Is f prime?
False
Suppose 3*g = -59*g + 2121082. Is g composite?
False
Let n be (-3)/(-12)*4*2. Let z = n + 0. Suppose -z*q = 3*t - 661, t + q + 450 = 3*t. Is t a composite number?
False
Let p(v) = -4*v + 5. Suppose 0 = 4*f + 2 - 10. Let i = f - 6. Is p(i) a composite number?
True
Let z(g) be the second derivative of 2*g**5/15 - g**4/6 - g**3/2 + g**2 + 4*g. Let a(n) be the first derivative of z(n). Is a(-8) composite?
False
Suppose -4*y + 6 = -22. Let o(n) = -n**3 + 7*n**2 - n - 3. Let l be o(y). Is (-10554)/l + (-6)/15 composite?
True
Suppose -i + 2011 = i - b, -4023 = -4*i + 3*b. Suppose 3*n + 2*n = i. Is n composite?
True
Let g be 30/4 - (-4)/8. Let o(h) = h - g - h**2 + 64 + 33. Is o(0) prime?
True
Let k(m) = 250*m**3 - m + 1. Suppose 2 + 3 = 5*q. Let j be k(q). Let z = j - 137. Is z composite?
False
Suppose -11000 = -2*d - k, -4*d + 13135 = 3*k - 8863. Is d composite?
False
Suppose -158920 - 4509 = -37*r. Is r prime?
False
Let x be (-451)/(-55) - 2/10. Let r(s) = s**2 - 9*s + 3. Let k be r(x). Is (-797)/k - (-2)/(-5) a composite number?
True
Suppose -2*i = -3*q + 8, -4*q + 5*i = -0*i - 6. Let g be 2 - (4/4 - q). Suppose 0*z + 581 = g*v - 3*z, 3*v - 3*z = 351. Is v composite?
True
Let y(q) = 19*q**3 + 7*q**2 - 10*q + 3. Suppose 0 = 2*i - 24 + 16. Is y(i) composite?
False
Is -1 - (-6 + -4*4527) a composite number?
True
Let b(r) = r**3 + 2*r**2 - 13*r + 10673. Is b(0) a prime number?
False
Let r(i) = -i**3 + 5*i**2 - 4*i + 5. Let o be r(4). Suppose o*y = 100 + 75. Is 21/y + 764/10 a prime number?
False
Let t be (-3 - 3)/(0 + -2). Suppose 2*f - 3 + 16 = t*u, -5*f - 4*u - 21 = 0. Let y(q) = 10*q**2 - 5*q - 10. Is y(f) a composite number?
True
Let v be 38/7 + (-6)/14. Suppose 2*h - 3 = v. Suppose h*p + 281 = 4*t - 83, -3*t + 263 = 2*p. Is t a prime number?
True
Let d(b) be the first derivative of 213*b**2 - b + 1. Is d(2) a composite number?
True
Let h(v) = v**3 + 2*v**2 - 3*v + 17837. Is h(0) a prime number?
True
Let c be -2 - 3/(6 + -3). Let s = c + 11. Let x(t) = 29*t + 5. Is x(s) a composite number?
True
Let w(s) = -s**3 - 9*s**2 + 13*s + 10. Is w(-27) composite?
False
Let n(p) = 13*p**2 - 21. Is n(4) a composite number?
True
Let n(p) = 336*p**2 + 17. Is n(-6) prime?
True
Let p(u) = 11*u - 4 + 0*u + 3*u**2 - 4*u**2 + 3. Suppose 2*s - 40 = -3*s. Is p(s) a composite number?
False
Let r = 117 - 80. Suppose 2*i = i + r. Is i a composite number?
False
Let p be 1/(-2) - (-7)/(-2). Let k be -6*((-34)/6 + 4). Is k*(-1 + (-98)/p) prime?
False
Let h = -10 - -12. Suppose 4*m - h*b = 276, -m - 5*b = -36 - 44. Suppose -q + 3*q - m = 0. Is q prime?
False
Let w(t) = t - 5. Let j be w(7). Suppose -5*p - 3*q + 913 = -2*q, 0 = -2*p - j*q + 370. Suppose 2*s = -2*a + 434, -3*s - 686 = -4*a + p. Is a a prime number?
False
Let m(h) = 23*h**2 - 3*h - 14. Let v(l) = -8*l**2 + l + 5. Let u(r) = 4*m(r) + 11*v(r). Let n be u(-1). Suppose -n*i + 2577 + 971 = 0. Is i prime?
True
Suppose -20*y = -22*y. Suppose -2*r + 28 = 3*o - o, y = 3*r + o - 34. Is r a prime number?
False
Let w = 35845 - 23184. Is w composite?
True
Let j(t) = t - 1. Let b(h) = -h + 5. Let r be b(6). Let x(a) = -57*a + 10. Let z(q) = r*x(q) - 4*j(q). Is z(5) a prime number?
False
Let r(j) = j**3 + 5*j**2 - 11*j - 5. Let d(a) = -6*a**2 + a - 2. Let h be d(1). Let k be r(h). Let y = k - -45. Is y composite?
False
Let s = 25849 - 8538. Is s a composite number?
True
Let i(g) = -g + g**2 - 2*g - 4*g - g. Let d be i(10). Let v = -7 + d. Is v prime?
True
Let f = 869 - 563. Suppose f - 103 = x. Is x composite?
True
Let d = 15 + 2752. Is d a composite number?
False
Is (-54 + 55)*(-26734)/(-2) a composite number?
False
Let j = 25769 - 7662. Is j a composite number?
True
Suppose 0 = -10*x + 11*x + 7. Let y(m) be the second derivative of -20*m**3/3 + 13*m**2/2 - 2*m. Is y(x) a composite number?
False
Let m be (-192)/(-168)*(-14)/(-4). Suppose -m*p + 645 = 5*c, 625 = -0*p + 4*p + c. Suppose p = i - 152. Is i composite?
False
Suppose 4*f = f + 1560. Let w(v) = 50*v + 3. Let s be w(-6). Let c = s + f. Is c prime?
True
Let b(y) = -4288*y**3 + 2*y**2 + 29*y + 28. Is b(-1) a prime number?
True
Let t be (-1)/((-111180)/(-55588) + -2). Is 2/9 - t/117 composite?
True
Suppose -3*a - 11882 = 6325. Let q = -4208 - a. Is q a composite number?
False
Let h be ((-14)/28)/(1/(-26)). Is (-4636)/(-52) - 2/h composite?
False
Let y(d) be the first derivative of d**4/4 + 8*d**3/3 - 7*d**2/2 - 3*d - 12. Is y(-8) composite?
False
Is 52660/6 + (-3)/27*-3 prime?
False
Let o = 151 + -139. Is (-3 - 1394)*3/(o/(-4)) a composite number?
True
Suppose -2*s + 7221 = 4*j - 5331, 4*s = 8. Is j composite?
False
Let g be ((-72)/30)/(891/(-885) + 1). Suppose -3*z + 81 = -g. Is z a prime number?
False
Let b = -15 + 28. Let g = 18 - b. Let d = 4 + g. Is d a prime number?
False
Let z be (0/(-6))/(3 +